
1061
Let b be 635 + -1 + 9 + -9 + -1. Let r = b + -354. Suppose -4*l + 2*p - 3*p + r = 0, 0 = 4*l - p - 289. What are the prime factors of l?
71
Let l(z) = -z. Let n(j) = -j**2 - j - 7. Let y be 3/(-12) - (-3)/12. Let o be n(y). What are the prime factors of l(o)?
7
Let t = 14787 + -9605. What are the prime factors of t?
2, 2591
Suppose -14*u = -69105 - 526119. What are the prime factors of u?
2, 3, 1181
Let u(w) = 2*w**3 + 57*w**2 - 182*w - 23. Let m(p) = p**3 + 28*p**2 - 91*p - 12. Let r(s) = -11*m(s) + 6*u(s). List the prime factors of r(-36).
2, 3, 113
Let l be 14/(-49) + 8*(-288)/(-28). Let r = l + 24. List the prime factors of r.
2, 53
Let n(o) be the third derivative of -7*o**5/20 - o**4/12 + o**3/6 + 35*o**2. Let d be n(1). What are the prime factors of (-11)/(d/4) - (1 + -115)?
2, 29
Suppose -3*d - 3*a = -d - 8, 20 = 5*d + 5*a. Suppose 5*g + 15 = 5*y, 0 = g - 0*y + d*y + 13. What are the prime factors of (-14)/g + (-6)/(-30)?
3
Let k be -6 - -4 - -879 - (1 - -1). Let u = k - 401. What are the prime factors of u?
2, 3, 79
Let p be (-1412)/(-16)*(-12)/3. Let u = 520 + p. List the prime factors of u.
167
Let w(v) = 2*v**2 - 7*v + 8. Let c be w(3). Let k = c + -2. Suppose 4*d - k*g - 595 = 0, -2*g - 315 = -2*d + 3*g. What are the prime factors of d?
5, 29
Let h be 3712/2 - (-13 - -9). Suppose h = -27*y + 32*y. Suppose 0 = 60*m - 64*m + y. What are the prime factors of m?
3, 31
Let c(m) = 3773*m - 6. What are the prime factors of c(5)?
18859
Let h(j) = -j**2 + 7*j + 3. Let u be h(8). Let y(t) be the first derivative of -4*t**2 - 28. List the prime factors of y(u).
2, 5
List the prime factors of (34/(-102))/(43465/(-21732) + 2).
2, 1811
Let j(c) = -c**3 + 16*c**2 - 12*c + 12. Let s = 7 + 68. Let k = -61 + s. List the prime factors of j(k).
2, 59
Let p(t) be the first derivative of 39*t**2/2 + 20*t - 104. List the prime factors of p(5).
5, 43
Let r(h) = 37*h**2 - 4*h + 48. Let w be r(5). Let v = 45 + w. List the prime factors of v.
2, 499
Let b(y) = 557*y**2 - 145*y + 294. List the prime factors of b(2).
2, 3, 31
List the prime factors of (-13114 - (-9 - -8))*4/(-12).
3, 31, 47
Let a(x) = -19*x**2 - 1002*x - 69. List the prime factors of a(-31).
2, 6367
Suppose -5*l - 5*z = -40, -2*l = -3*l - 3*z + 8. Suppose -l*m = -6326 + 1014. Suppose -6*t + 98 + m = 0. List the prime factors of t.
127
Suppose 0 = 5*z - 164 + 144. Suppose 564 = -z*w + 1644. List the prime factors of w.
2, 3, 5
What are the prime factors of (6 - (-183131)/(-26))/((-3)/6)?
5, 563
Let p(k) = -2. Let f(g) = -183*g + 6. Let i(h) = f(h) + 5*p(h). List the prime factors of i(-2).
2, 181
Let c(g) = -972*g + 6656. What are the prime factors of c(-14)?
2, 17, 149
Let h(g) = 69*g**2 - 351*g + 7382. What are the prime factors of h(22)?
2, 1033
List the prime factors of (-4)/(-34) + 18851902/1819.
2, 2591
Let n(k) = 19*k**2 - 36*k - 31. List the prime factors of n(-14).
3, 1399
Let v = -20565 - -37570. What are the prime factors of v?
5, 19, 179
Let o = -5580 + 7444. List the prime factors of o.
2, 233
Let y(a) = -282*a - 19. Suppose 21 = -8*i - 3. List the prime factors of y(i).
827
Suppose -98 = 3*m - 116, -2*j = 4*m - 41472. List the prime factors of j.
2, 3, 11, 157
Suppose 5*i = -4*q - 113133 - 164827, 4*i - 4*q + 222368 = 0. What are the prime factors of (-8)/36 + i/(-36)?
2, 193
Let b = 9313 - 7838. What are the prime factors of b?
5, 59
Suppose -285 = -5*w - 14*w. Suppose 8*q = w*q - 1960. Suppose v = 2*j + q, 5*v + 5*j = 843 + 617. List the prime factors of v.
2, 3
Let n(q) = q**3 - q**2 + 58. Let t(b) = 2*b**2 - 16 - 33 - 9 - b**2 - b**3. Let p(o) = 4*n(o) + 3*t(o). List the prime factors of p(0).
2, 29
Let u(f) = -263*f + 84. Let r be u(-3). Let t = r - 767. List the prime factors of t.
2, 53
What are the prime factors of -9*(-6184*(-4)/(-12) + (-9)/(-3))?
3, 5, 13, 19
Suppose -21 = 6*m + 69. Let q(j) = -j**3 - 16*j**2 - 34*j + 11. Let k be q(m). Let p = k - 167. What are the prime factors of p?
3, 43
Let i be 24/(-3*(-6)/45). Let t = i - 43. Suppose v - z - 7 = 0, 3*z + t = 2*v + 3. List the prime factors of v.
7
List the prime factors of (24 + -27)*6429*8/(-18).
2, 2143
Let b(g) = g - 14. Let h be b(20). Suppose 0 = -h*k - 333 + 1887. Suppose 0 = 2*z - 5 - k. What are the prime factors of z?
2, 3, 11
Let a(d) be the second derivative of d**5/20 + 29*d**4/12 + 21*d**2/2 - d + 22. List the prime factors of a(-29).
3, 7
Let z(b) = -259*b**3 - 4*b**2 - 16*b - 41. List the prime factors of z(-4).
5, 3307
Suppose -r + 4*o = -262, o - 706 = -5*r + 646. List the prime factors of r.
2, 3, 5
What are the prime factors of 200/24*35469/35?
3, 5, 563
Suppose -72 = -6*f - 0*f. Suppose -t + 14 = f. What are the prime factors of 2*t/(4/11)?
11
Let t(i) = -4*i**2 - 23*i - 11. Let v be t(-5). Suppose 2 - 78 = -v*u. Let k = u - -32. List the prime factors of k.
3, 17
Suppose 3107 + 4483 = 11*v. Let a = v - 293. What are the prime factors of a?
397
Suppose 3*d + 46 = 5*h, 0 = 3*d + 3*h - 5*h + 31. Let l = d + 9. Suppose 0*g = l*g - 26. What are the prime factors of g?
13
Let p be (-8)/(-28) - (0 - 990/14). Suppose 5*v + 8 = -2*k - 0*k, 0 = -3*k - 12. Suppose v = 5*r - 4*r - p. What are the prime factors of r?
71
Let j be (-11)/(-5) + (-1)/5. Let d be ((-63)/28)/((-6)/(-164))*j. Let n = -82 - d. What are the prime factors of n?
41
Suppose -5*y + 130 = -5*i, 19 = i + 2*y + 54. Let k = -267 + i. List the prime factors of (1 + k/12)/((-1)/3).
71
Let j = 18 + -16. Let w(q) = -q - 2*q + 6*q**j + 4 + 6*q. List the prime factors of w(3).
67
Suppose -m + 485 = 2*s, -4*s + 0*m + 973 = m. Let c = 141 - s. Let x = c + 274. What are the prime factors of x?
3, 19
Suppose 2*f = -7*f - 1242. Let k = -125 - f. What are the prime factors of k?
13
Suppose 0 = -3*u + 3, 8*s - 4*s - 13 = -u. Suppose -3*q = 5*h - 2184, -s*q - 17*h + 2166 = -18*h. What are the prime factors of q?
3, 241
Suppose 5*w - 3*w - d + 8 = 0, 0 = 2*w + 4*d - 2. Let v(y) = -36*y + 9. Let p be v(w). Let j = 192 - p. What are the prime factors of j?
3, 5
Let m = -6377 + 11739. What are the prime factors of m?
2, 7, 383
Let l(f) = 33*f**2 + 88*f - 213. What are the prime factors of l(20)?
14747
Let t(a) = 7*a + 46. Let j be t(-6). Suppose -14*s + 3680 = -j*s. List the prime factors of s.
2, 23
Let x = -30 + 84. Suppose -25*f + x = -19*f. Suppose 12*b - f*b - 561 = 0. List the prime factors of b.
11, 17
Let c(g) = -23*g**2 + 20*g + 165. Let b(v) = -20*v**2 + 20*v + 163. Let i(w) = -5*b(w) + 4*c(w). List the prime factors of i(-9).
673
Suppose y - 78 = -y. Let g = y - 31. Suppose -g*f - 255 = -13*f. What are the prime factors of f?
3, 17
Suppose -12*q - 2*q + 3794 = 0. Let s = 595 - q. List the prime factors of s.
2, 3
Let b be 0*4/8 - -3*1. Suppose 71 + 526 = b*h. What are the prime factors of h?
199
Suppose -s - 36360 = -4*l + 191489, -2*l + 113907 = -3*s. What are the prime factors of l?
2, 3, 47, 101
Let c be (-6)/(-4)*9/18*4. Suppose 5*d = 3*j - 2866, -2*j - c*d = -0*j - 1898. List the prime factors of j.
2, 7, 17
Let r be (-1120)/21*24/(-10). Let s = r + 144. What are the prime factors of s?
2, 17
Suppose 4*b - 751575 = -4*b - 17*b. List the prime factors of b.
3, 11, 911
Let r = -2242 + 5783. List the prime factors of r.
3541
Let b(q) = q**2 + 37*q + 24. Let z be b(-37). Suppose 28*k - z*k = 240. What are the prime factors of k?
2, 3, 5
List the prime factors of 438/(-30) + 6 - -8 - 367015/(-25).
2, 5, 367
Let f = 2393 - -4440. What are the prime factors of f?
6833
Suppose -4*a + 849 = -3*d, 478 = 2*a - d + 55. Let k = a + 244. What are the prime factors of k?
2, 227
Let c(i) = 45. Let h(g) = g + 91. Let r(d) = 7*c(d) - 3*h(d). Let o be r(-5). Suppose -52*k + o*k = 1235. What are the prime factors of k?
13, 19
Suppose -o - 2*s = 3*o - 26, 2*o + 5*s - 33 = 0. Let m be ((-2)/o)/((-6)/12). Suppose -g + m = -19. What are the prime factors of g?
2, 5
Let c be (-16)/(-168) + 100828/147. Let i = -67 + c. What are the prime factors of i?
619
Let u(h) be the second derivative of h**4/4 - 37*h**3/6 + 7*h**2 + 50*h. List the prime factors of u(-6).
2, 43
Suppose 178*b + 47664 = 182*b + 4*q, 0 = -2*b - 3*q + 23831. What are the prime factors of b?
17, 701
Suppose 11*p - 12*p = 3*o - 53350, -o + 5*p + 17810 = 0. What are the prime factors of o?
